{"id":4306,"date":"2026-04-28T10:51:38","date_gmt":"2026-04-28T13:51:38","guid":{"rendered":"https:\/\/des-for.infd.edu.ar\/sitio\/?page_id=4306"},"modified":"2026-04-28T11:34:48","modified_gmt":"2026-04-28T14:34:48","slug":"tecnologias-educativas-diseno-y-comunicacion","status":"publish","type":"page","link":"https:\/\/des-for.infd.edu.ar\/sitio\/tecnologias-educativas-diseno-y-comunicacion\/","title":{"rendered":"Tecnologias educativas dise\u00f1o y comunicaci\u00f3n."},"content":{"rendered":"\n<p>El \u00c1rea de Tecnolog\u00eda Educativa, Comunicaci\u00f3n y Dise\u00f1o se constituye como un espacio articulador entre pedagog\u00eda, innovaci\u00f3n y gesti\u00f3n tecnol\u00f3gica, orientado a consolidar procesos formativos de calidad, acordes a los desaf\u00edos contempor\u00e1neos del Nivel Superior y a las demandas de una educaci\u00f3n en permanente transformaci\u00f3n.<\/p>\n\n\n\n<figure class=\"wp-block-image size-large\"><img decoding=\"async\" loading=\"lazy\" width=\"1900\" height=\"1267\" src=\"https:\/\/des-for.infd.edu.ar\/sitio\/wp-content\/uploads\/2026\/04\/111111-1-1900x1267.jpg\" alt=\"\" class=\"wp-image-4311\" srcset=\"https:\/\/des-for.infd.edu.ar\/sitio\/wp-content\/uploads\/2026\/04\/111111-1-1900x1267.jpg 1900w, https:\/\/des-for.infd.edu.ar\/sitio\/wp-content\/uploads\/2026\/04\/111111-1-1000x667.jpg 1000w, https:\/\/des-for.infd.edu.ar\/sitio\/wp-content\/uploads\/2026\/04\/111111-1-768x512.jpg 768w, https:\/\/des-for.infd.edu.ar\/sitio\/wp-content\/uploads\/2026\/04\/111111-1-1536x1024.jpg 1536w, https:\/\/des-for.infd.edu.ar\/sitio\/wp-content\/uploads\/2026\/04\/111111-1-2048x1365.jpg 2048w\" sizes=\"(max-width: 1900px) 100vw, 1900px\" \/><\/figure>\n\n\n\n<div class=\"wp-block-buttons alignwide has-custom-font-size has-medium-font-size is-content-justification-space-between is-layout-flex wp-container-1\">\n<div class=\"wp-block-button\"><a class=\"wp-block-button__link has-base-color has-accent-background-color has-text-color has-background wp-element-button\">CONTACTO<\/a><\/div>\n\n\n\n<div class=\"wp-block-button\"><a class=\"wp-block-button__link has-base-3-color has-accent-background-color has-text-color has-background wp-element-button\">MAPA DE NODOS<\/a><\/div>\n\n\n\n<div class=\"wp-block-button\"><a class=\"wp-block-button__link has-base-3-color has-accent-background-color has-text-color has-background wp-element-button\">BIBLIOTECA <\/a><\/div>\n\n\n\n<div class=\"wp-block-button\"><a class=\"wp-block-button__link has-base-3-color has-accent-background-color has-text-color has-background wp-element-button\">CURSOS <\/a><\/div>\n<\/div>\n","protected":false},"excerpt":{"rendered":"<p>El \u00c1rea de Tecnolog\u00eda Educativa, Comunicaci\u00f3n y Dise\u00f1o se constituye como un espacio articulador entre pedagog\u00eda, innovaci\u00f3n y gesti\u00f3n tecnol\u00f3gica, orientado a consolidar procesos formativos de calidad, acordes a los desaf\u00edos contempor\u00e1neos del Nivel Superior y a las demandas de una educaci\u00f3n en permanente transformaci\u00f3n.<\/p>\n","protected":false},"author":298,"featured_media":0,"parent":0,"menu_order":0,"comment_status":"closed","ping_status":"closed","template":"","meta":[],"acf":[],"_links":{"self":[{"href":"https:\/\/des-for.infd.edu.ar\/sitio\/wp-json\/wp\/v2\/pages\/4306"}],"collection":[{"href":"https:\/\/des-for.infd.edu.ar\/sitio\/wp-json\/wp\/v2\/pages"}],"about":[{"href":"https:\/\/des-for.infd.edu.ar\/sitio\/wp-json\/wp\/v2\/types\/page"}],"author":[{"embeddable":true,"href":"https:\/\/des-for.infd.edu.ar\/sitio\/wp-json\/wp\/v2\/users\/298"}],"replies":[{"embeddable":true,"href":"https:\/\/des-for.infd.edu.ar\/sitio\/wp-json\/wp\/v2\/comments?post=4306"}],"version-history":[{"count":3,"href":"https:\/\/des-for.infd.edu.ar\/sitio\/wp-json\/wp\/v2\/pages\/4306\/revisions"}],"predecessor-version":[{"id":4319,"href":"https:\/\/des-for.infd.edu.ar\/sitio\/wp-json\/wp\/v2\/pages\/4306\/revisions\/4319"}],"wp:attachment":[{"href":"https:\/\/des-for.infd.edu.ar\/sitio\/wp-json\/wp\/v2\/media?parent=4306"}],"curies":[{"name":"wp","href":"https:\/\/api.w.org\/{rel}","templated":true}]}}

Tecnologias educativas diseño y comunicación.

<p>El Área de Tecnología Educativa, Comunicación y Diseño se constituye como un espacio articulador entre pedagogía, innovación y gestión tecnológica, orientado a consolidar procesos formativos de calidad, acordes a los desafíos contemporáneos del Nivel Superior y a las demandas de una educación en permanente transformación.</p>



<figure class="wp-block-image size-large"><img decoding="async" loading="lazy" width="1900" height="1267" src="https://des-for.infd.edu.ar/sitio/wp-content/uploads/2026/04/111111-1-1900x1267.jpg" alt="" class="wp-image-4311" srcset="https://des-for.infd.edu.ar/sitio/wp-content/uploads/2026/04/111111-1-1900x1267.jpg 1900w, https://des-for.infd.edu.ar/sitio/wp-content/uploads/2026/04/111111-1-1000x667.jpg 1000w, https://des-for.infd.edu.ar/sitio/wp-content/uploads/2026/04/111111-1-768x512.jpg 768w, https://des-for.infd.edu.ar/sitio/wp-content/uploads/2026/04/111111-1-1536x1024.jpg 1536w, https://des-for.infd.edu.ar/sitio/wp-content/uploads/2026/04/111111-1-2048x1365.jpg 2048w" sizes="(max-width: 1900px) 100vw, 1900px" /></figure>



<div class="wp-block-buttons alignwide has-custom-font-size has-medium-font-size is-content-justification-space-between is-layout-flex wp-container-1">
<div class="wp-block-button"><a class="wp-block-button__link has-base-color has-accent-background-color has-text-color has-background wp-element-button">CONTACTO</a></div>



<div class="wp-block-button"><a class="wp-block-button__link has-base-3-color has-accent-background-color has-text-color has-background wp-element-button">MAPA DE NODOS</a></div>



<div class="wp-block-button"><a class="wp-block-button__link has-base-3-color has-accent-background-color has-text-color has-background wp-element-button">BIBLIOTECA </a></div>



<div class="wp-block-button"><a class="wp-block-button__link has-base-3-color has-accent-background-color has-text-color has-background wp-element-button">CURSOS </a></div>
</div>

<p>El Área de Tecnología Educativa, Comunicación y Diseño se constituye como un espacio articulador entre pedagogía, innovación y gestión tecnológica, orientado a consolidar procesos formativos de calidad, acordes a los desafíos contemporáneos del Nivel Superior y a las demandas de una educación en permanente transformación.</p>
