{"id":4091,"date":"2026-04-24T11:22:50","date_gmt":"2026-04-24T14:22:50","guid":{"rendered":"https:\/\/des-for.infd.edu.ar\/sitio\/?page_id=4091"},"modified":"2026-04-25T18:29:25","modified_gmt":"2026-04-25T21:29:25","slug":"postitulos-cohorte-2026","status":"publish","type":"page","link":"https:\/\/des-for.infd.edu.ar\/sitio\/postitulos-cohorte-2026\/","title":{"rendered":"POST\u00cdTULOS COHORTE 2026"},"content":{"rendered":"\n<figure class=\"wp-block-image size-full is-resized\"><img decoding=\"async\" loading=\"lazy\" src=\"https:\/\/des-for.infd.edu.ar\/sitio\/wp-content\/uploads\/2026\/04\/877b48b4-7bb3-4322-9a58-d03c921783d9.jpg\" alt=\"\" class=\"wp-image-4094\" width=\"1190\" height=\"254\" srcset=\"https:\/\/des-for.infd.edu.ar\/sitio\/wp-content\/uploads\/2026\/04\/877b48b4-7bb3-4322-9a58-d03c921783d9.jpg 1600w, https:\/\/des-for.infd.edu.ar\/sitio\/wp-content\/uploads\/2026\/04\/877b48b4-7bb3-4322-9a58-d03c921783d9-1000x214.jpg 1000w, https:\/\/des-for.infd.edu.ar\/sitio\/wp-content\/uploads\/2026\/04\/877b48b4-7bb3-4322-9a58-d03c921783d9-768x164.jpg 768w, https:\/\/des-for.infd.edu.ar\/sitio\/wp-content\/uploads\/2026\/04\/877b48b4-7bb3-4322-9a58-d03c921783d9-1536x328.jpg 1536w\" sizes=\"(max-width: 1190px) 100vw, 1190px\" \/><\/figure>\n\n\n\n<p><\/p>\n\n\n\n<div class=\"wp-block-columns is-layout-flex wp-container-3\">\n<div class=\"wp-block-column is-layout-flow\">\n<figure class=\"wp-block-image size-large\"><a href=\"https:\/\/des-for.infd.edu.ar\/sitio\/wp-content\/uploads\/2026\/04\/2.jpg-scaled.jpeg\"><img decoding=\"async\" loading=\"lazy\" width=\"1900\" height=\"1167\" src=\"https:\/\/des-for.infd.edu.ar\/sitio\/wp-content\/uploads\/2026\/04\/2.jpg-1900x1167.jpeg\" alt=\"\" class=\"wp-image-4097\" srcset=\"https:\/\/des-for.infd.edu.ar\/sitio\/wp-content\/uploads\/2026\/04\/2.jpg-1900x1167.jpeg 1900w, https:\/\/des-for.infd.edu.ar\/sitio\/wp-content\/uploads\/2026\/04\/2.jpg-1000x614.jpeg 1000w, https:\/\/des-for.infd.edu.ar\/sitio\/wp-content\/uploads\/2026\/04\/2.jpg-768x472.jpeg 768w, https:\/\/des-for.infd.edu.ar\/sitio\/wp-content\/uploads\/2026\/04\/2.jpg-1536x944.jpeg 1536w, https:\/\/des-for.infd.edu.ar\/sitio\/wp-content\/uploads\/2026\/04\/2.jpg-2048x1258.jpeg 2048w\" sizes=\"(max-width: 1900px) 100vw, 1900px\" \/><\/a><\/figure>\n<\/div>\n\n\n\n<div class=\"wp-block-column is-layout-flow\">\n<figure class=\"wp-block-image size-full is-resized\"><img decoding=\"async\" loading=\"lazy\" src=\"https:\/\/des-for.infd.edu.ar\/sitio\/wp-content\/uploads\/2026\/04\/Imagen2.jpg\" alt=\"\" class=\"wp-image-4100\" width=\"601\" height=\"296\"\/><\/figure>\n<\/div>\n<\/div>\n\n\n\n<div class=\"wp-block-columns alignwide is-not-stacked-on-mobile is-layout-flex wp-container-7\">\n<div class=\"wp-block-column is-vertically-aligned-center is-layout-flow\" style=\"flex-basis:500px\"><div class=\"wp-block-image\">\n<figure class=\"aligncenter size-large is-resized\"><a href=\"https:\/\/des-for.infd.edu.ar\/sitio\/wp-content\/uploads\/2026\/04\/RES_1394_26.pdf\"><img decoding=\"async\" loading=\"lazy\" src=\"https:\/\/des-for.infd.edu.ar\/sitio\/wp-content\/uploads\/2026\/04\/13739a70-4f24-4ffa-afb9-52c3d4143aa4-1900x822.png\" alt=\"\" class=\"wp-image-4106\" width=\"184\" height=\"78\"\/><\/a><\/figure><\/div><\/div>\n\n\n\n<div class=\"wp-block-column is-vertically-aligned-center is-layout-flow\" style=\"flex-basis:600px\"><div class=\"wp-block-image\">\n<figure class=\"aligncenter size-large is-resized\"><a href=\"https:\/\/des-for.infd.edu.ar\/sitio\/wp-content\/uploads\/2026\/04\/2.jpg-scaled.jpeg\"><img decoding=\"async\" loading=\"lazy\" src=\"https:\/\/des-for.infd.edu.ar\/sitio\/wp-content\/uploads\/2026\/04\/05bc3216-5c7d-463f-bd05-05a17f9aee0b-1900x822.png\" alt=\"\" class=\"wp-image-4107\" width=\"179\" height=\"76\" srcset=\"https:\/\/des-for.infd.edu.ar\/sitio\/wp-content\/uploads\/2026\/04\/05bc3216-5c7d-463f-bd05-05a17f9aee0b-1900x822.png 1900w, https:\/\/des-for.infd.edu.ar\/sitio\/wp-content\/uploads\/2026\/04\/05bc3216-5c7d-463f-bd05-05a17f9aee0b-768x332.png 768w, https:\/\/des-for.infd.edu.ar\/sitio\/wp-content\/uploads\/2026\/04\/05bc3216-5c7d-463f-bd05-05a17f9aee0b-1536x665.png 1536w, https:\/\/des-for.infd.edu.ar\/sitio\/wp-content\/uploads\/2026\/04\/05bc3216-5c7d-463f-bd05-05a17f9aee0b.png 1906w\" sizes=\"(max-width: 179px) 100vw, 179px\" \/><\/a><\/figure><\/div><\/div>\n\n\n\n<div class=\"wp-block-column is-vertically-aligned-center is-layout-flow\" style=\"flex-basis:600px\"><div class=\"wp-block-image\">\n<figure class=\"aligncenter size-large is-resized\"><a href=\"https:\/\/drive.google.com\/drive\/folders\/1sAF2RgynRclEfY2HeTVFp4YUuPXygJt4?usp=sharing\"><img decoding=\"async\" loading=\"lazy\" src=\"https:\/\/des-for.infd.edu.ar\/sitio\/wp-content\/uploads\/2026\/04\/fdf32717-fb5a-4e83-ac1f-57091b3a0f89-1-1900x822.png\" alt=\"\" class=\"wp-image-4108\" width=\"178\" height=\"76\" srcset=\"https:\/\/des-for.infd.edu.ar\/sitio\/wp-content\/uploads\/2026\/04\/fdf32717-fb5a-4e83-ac1f-57091b3a0f89-1-1900x822.png 1900w, https:\/\/des-for.infd.edu.ar\/sitio\/wp-content\/uploads\/2026\/04\/fdf32717-fb5a-4e83-ac1f-57091b3a0f89-1-1000x433.png 1000w, https:\/\/des-for.infd.edu.ar\/sitio\/wp-content\/uploads\/2026\/04\/fdf32717-fb5a-4e83-ac1f-57091b3a0f89-1-768x332.png 768w, https:\/\/des-for.infd.edu.ar\/sitio\/wp-content\/uploads\/2026\/04\/fdf32717-fb5a-4e83-ac1f-57091b3a0f89-1-1536x665.png 1536w, https:\/\/des-for.infd.edu.ar\/sitio\/wp-content\/uploads\/2026\/04\/fdf32717-fb5a-4e83-ac1f-57091b3a0f89-1.png 1906w\" sizes=\"(max-width: 178px) 100vw, 178px\" \/><\/a><\/figure><\/div><\/div>\n<\/div>\n\n\n<div class=\"wp-block-image\">\n<figure class=\"aligncenter size-full is-resized\"><img decoding=\"async\" loading=\"lazy\" src=\"https:\/\/des-for.infd.edu.ar\/sitio\/wp-content\/uploads\/2026\/04\/aaaaaaaaaaaaaaaaaaa.jpg\" alt=\"\" class=\"wp-image-4114\" width=\"1021\" height=\"121\" srcset=\"https:\/\/des-for.infd.edu.ar\/sitio\/wp-content\/uploads\/2026\/04\/aaaaaaaaaaaaaaaaaaa.jpg 1600w, https:\/\/des-for.infd.edu.ar\/sitio\/wp-content\/uploads\/2026\/04\/aaaaaaaaaaaaaaaaaaa-1000x119.jpg 1000w, https:\/\/des-for.infd.edu.ar\/sitio\/wp-content\/uploads\/2026\/04\/aaaaaaaaaaaaaaaaaaa-768x91.jpg 768w, https:\/\/des-for.infd.edu.ar\/sitio\/wp-content\/uploads\/2026\/04\/aaaaaaaaaaaaaaaaaaa-1536x182.jpg 1536w\" sizes=\"(max-width: 1021px) 100vw, 1021px\" \/><\/figure><\/div>\n\n\n<div class=\"wp-block-columns is-not-stacked-on-mobile is-layout-flex wp-container-11\">\n<div class=\"wp-block-column is-layout-flow\">\n<figure class=\"wp-block-image size-full is-resized\"><a href=\"https:\/\/des-for.infd.edu.ar\/sitio\/wp-content\/uploads\/2026\/04\/Modelo-de-curriculum-vitae-1.docx\"><img decoding=\"async\" loading=\"lazy\" src=\"https:\/\/des-for.infd.edu.ar\/sitio\/wp-content\/uploads\/2026\/04\/image-3.png\" alt=\"\" class=\"wp-image-4149\" width=\"197\" height=\"58\"\/><\/a><\/figure>\n<\/div>\n\n\n\n<div class=\"wp-block-column is-layout-flow\">\n<figure class=\"wp-block-image size-full is-resized\"><a href=\"https:\/\/des-for.infd.edu.ar\/sitio\/wp-content\/uploads\/2026\/04\/Requisitos-Profesionales-y-Documentacion-a-enviar-en-sede-2.pdf\"><img decoding=\"async\" loading=\"lazy\" src=\"https:\/\/des-for.infd.edu.ar\/sitio\/wp-content\/uploads\/2026\/04\/image-2.png\" alt=\"\" class=\"wp-image-4148\" width=\"264\" height=\"57\" srcset=\"https:\/\/des-for.infd.edu.ar\/sitio\/wp-content\/uploads\/2026\/04\/image-2.png 994w, https:\/\/des-for.infd.edu.ar\/sitio\/wp-content\/uploads\/2026\/04\/image-2-768x169.png 768w\" sizes=\"(max-width: 264px) 100vw, 264px\" \/><\/a><\/figure>\n<\/div>\n\n\n\n<div class=\"wp-block-column is-layout-flow\">\n<figure class=\"wp-block-image size-full is-resized\"><a href=\"https:\/\/des-for.infd.edu.ar\/sitio\/wp-content\/uploads\/2026\/04\/PROPUESTA-PEDAGOGICA-ESCRITA-2.pdf\"><img decoding=\"async\" loading=\"lazy\" src=\"https:\/\/des-for.infd.edu.ar\/sitio\/wp-content\/uploads\/2026\/04\/image-1.png\" alt=\"\" class=\"wp-image-4147\" width=\"253\" height=\"60\" srcset=\"https:\/\/des-for.infd.edu.ar\/sitio\/wp-content\/uploads\/2026\/04\/image-1.png 910w, https:\/\/des-for.infd.edu.ar\/sitio\/wp-content\/uploads\/2026\/04\/image-1-768x185.png 768w\" sizes=\"(max-width: 253px) 100vw, 253px\" \/><\/a><\/figure>\n<\/div>\n<\/div>\n\n\n\n<div class=\"wp-block-columns alignwide is-layout-flex wp-container-15\">\n<div class=\"wp-block-column is-layout-flow\">\n<p><\/p>\n\n\n\n<p class=\"has-text-align-center has-small-font-size\"><strong>Para obtener m\u00e1s informaci\u00f3n para postulaciones, puedes utilizar nuestro chatbot, comunicarte con nuestros referentes de post\u00edtulos haciendo clic en la pesta\u00f1a de WhatsApp, o bien dejar tu consulta al final de esta p\u00e1gina en la secci\u00f3n de comentarios.<\/strong><\/p>\n<\/div>\n\n\n\n<div class=\"wp-block-column is-layout-flow\"><div class=\"wp-block-image\">\n<figure class=\"alignright size-full is-resized\"><a href=\"https:\/\/practical-tutor-sync-flow.base44.app\"><img decoding=\"async\" loading=\"lazy\" src=\"https:\/\/des-for.infd.edu.ar\/sitio\/wp-content\/uploads\/2026\/04\/CHAT-BOOT-BOTON.png\" alt=\"\" class=\"wp-image-4125\" width=\"191\" height=\"72\"\/><\/a><\/figure><\/div><\/div>\n\n\n\n<div class=\"wp-block-column is-layout-flow\"><div class=\"wp-block-image\">\n<figure class=\"alignright size-full is-resized\"><a href=\"https:\/\/w.app\/sth4fm\"><img decoding=\"async\" loading=\"lazy\" src=\"https:\/\/des-for.infd.edu.ar\/sitio\/wp-content\/uploads\/2026\/04\/tl.webp\" alt=\"\" class=\"wp-image-4135\" width=\"129\" height=\"71\"\/><\/a><\/figure><\/div><\/div>\n<\/div>\n\n\n\n<div class=\"wp-block-comments\">\n\n\n\n\n\n\t<div id=\"respond\" class=\"comment-respond wp-block-post-comments-form\">\n\t\t<h3 id=\"reply-title\" class=\"comment-reply-title\">Deja un comentario<\/h3><form action=\"https:\/\/des-for.infd.edu.ar\/sitio\/wp-comments-post.php\" method=\"post\" id=\"commentform\" class=\"comment-form\" novalidate><p class=\"comment-form-comment\"><label for=\"comment\" class=\"screen-reader-text\">Comentario<\/label><textarea id=\"comment\" name=\"comment\" cols=\"45\" rows=\"8\" required><\/textarea><\/p><label for=\"author\" class=\"screen-reader-text\">Nombre<\/label><input placeholder=\"Nombre *\" id=\"author\" name=\"author\" type=\"text\" value=\"\" size=\"30\" required \/>\n<label for=\"email\" class=\"screen-reader-text\">Correo electr\u00f3nico<\/label><input placeholder=\"Correo electr\u00f3nico *\" id=\"email\" name=\"email\" type=\"email\" value=\"\" size=\"30\" required \/>\n<label for=\"url\" class=\"screen-reader-text\">Web<\/label><input placeholder=\"Web\" id=\"url\" name=\"url\" type=\"url\" value=\"\" size=\"30\" \/>\n<p class=\"comment-form-cookies-consent\"><input id=\"wp-comment-cookies-consent\" name=\"wp-comment-cookies-consent\" type=\"checkbox\" value=\"yes\" \/> <label for=\"wp-comment-cookies-consent\">Guarda mi nombre, correo electr\u00f3nico y web en este navegador para la pr\u00f3xima vez que comente.<\/label><\/p>\n<div class=\"gglcptch gglcptch_v2\"><div id=\"gglcptch_recaptcha_1560410785\" class=\"gglcptch_recaptcha\"><\/div>\r\n\t\t\t\t<noscript>\r\n\t\t\t\t\t<div style=\"width: 302px;\">\r\n\t\t\t\t\t\t<div style=\"width: 302px; height: 422px; position: relative;\">\r\n\t\t\t\t\t\t\t<div style=\"width: 302px; height: 422px; position: absolute;\">\r\n\t\t\t\t\t\t\t\t<iframe src=\"https:\/\/www.google.com\/recaptcha\/api\/fallback?k=6LdBqHssAAAAABmiGZydaD74tA3Xn91jl4cC26BE\" frameborder=\"0\" scrolling=\"no\" style=\"width: 302px; height:422px; border-style: none;\"><\/iframe>\r\n\t\t\t\t\t\t\t<\/div>\r\n\t\t\t\t\t\t<\/div>\r\n\t\t\t\t\t\t<div style=\"border-style: none; bottom: 12px; left: 25px; margin: 0px; padding: 0px; right: 25px; background: #f9f9f9; border: 1px solid #c1c1c1; border-radius: 3px; height: 60px; width: 300px;\">\r\n\t\t\t\t\t\t\t<textarea id=\"g-recaptcha-response\" name=\"g-recaptcha-response\" class=\"g-recaptcha-response\" style=\"width: 250px !important; height: 40px !important; border: 1px solid #c1c1c1 !important; margin: 10px 25px !important; padding: 0px !important; resize: none !important;\"><\/textarea>\r\n\t\t\t\t\t\t<\/div>\r\n\t\t\t\t\t<\/div>\r\n\t\t\t\t<\/noscript><\/div><p class=\"form-submit\"><input name=\"submit\" type=\"submit\" id=\"submit\" class=\"submit\" value=\"Publicar comentario\" \/> <input type='hidden' name='comment_post_ID' value='4091' id='comment_post_ID' \/>\n<input type='hidden' name='comment_parent' id='comment_parent' value='0' \/>\n<\/p><p style=\"display: none;\"><input type=\"hidden\" id=\"akismet_comment_nonce\" name=\"akismet_comment_nonce\" value=\"3fac1c6102\" \/><\/p><p style=\"display: none !important;\"><label>&#916;<textarea name=\"ak_hp_textarea\" cols=\"45\" rows=\"8\" maxlength=\"100\"><\/textarea><\/label><input type=\"hidden\" id=\"ak_js_1\" name=\"ak_js\" value=\"17\"\/><script>document.getElementById( \"ak_js_1\" ).setAttribute( \"value\", ( new Date() ).getTime() );<\/script><\/p><\/form>\t<\/div><!-- #respond -->\n\t<\/div>\n","protected":false},"excerpt":{"rendered":"<p>Para obtener m\u00e1s informaci\u00f3n para postulaciones, puedes utilizar nuestro chatbot, comunicarte con nuestros referentes de post\u00edtulos haciendo clic en la pesta\u00f1a de WhatsApp, o bien dejar tu consulta al final de esta p\u00e1gina en la secci\u00f3n de comentarios.<\/p>\n","protected":false},"author":298,"featured_media":0,"parent":0,"menu_order":0,"comment_status":"open","ping_status":"closed","template":"","meta":[],"acf":[],"_links":{"self":[{"href":"https:\/\/des-for.infd.edu.ar\/sitio\/wp-json\/wp\/v2\/pages\/4091"}],"collection":[{"href":"https:\/\/des-for.infd.edu.ar\/sitio\/wp-json\/wp\/v2\/pages"}],"about":[{"href":"https:\/\/des-for.infd.edu.ar\/sitio\/wp-json\/wp\/v2\/types\/page"}],"author":[{"embeddable":true,"href":"https:\/\/des-for.infd.edu.ar\/sitio\/wp-json\/wp\/v2\/users\/298"}],"replies":[{"embeddable":true,"href":"https:\/\/des-for.infd.edu.ar\/sitio\/wp-json\/wp\/v2\/comments?post=4091"}],"version-history":[{"count":27,"href":"https:\/\/des-for.infd.edu.ar\/sitio\/wp-json\/wp\/v2\/pages\/4091\/revisions"}],"predecessor-version":[{"id":4168,"href":"https:\/\/des-for.infd.edu.ar\/sitio\/wp-json\/wp\/v2\/pages\/4091\/revisions\/4168"}],"wp:attachment":[{"href":"https:\/\/des-for.infd.edu.ar\/sitio\/wp-json\/wp\/v2\/media?parent=4091"}],"curies":[{"name":"wp","href":"https:\/\/api.w.org\/{rel}","templated":true}]}}